4*u + 8. Let l(c) = 3 - c - 2 + c**n - 2*c**2. Determine l(g).
-5
Let v = -4 - -9. Suppose -2*i = -5*i - 4*p + 9, v*i + p = 15. Let h(o) = o - 2. Let r(f) = -2*f + 5. Let w(j) = -5*h(j) - 3*r(j). What is w(i)?
-2
Let n(x) = 17*x**2 - 2 - 10*x**2 + x - x**3 - 1. What is n(7)?
4
Suppose x + 5 = -0*x, -2*x - 15 = 5*g. Let u(q) = 3 + 2*q + 5*q**2 - 1 - 1. Calculate u(g).
4
Suppose -5 = 2*u - 19. Let j(f) = -2*f + 9. Determine j(u).
-5
Let k be (6/4)/((-6)/(-8)). Suppose -4*d - k*u = -9 + 3, 3*d + 2*u = 2. Suppose 2*n = v - 8, 2*n = 4*n - d*v + 8. Let q(p) = -p**3 - 4*p**2 + 4. What is q(n)?
4
Let r(x) = -x + 4. Let c = -41 + 37. Give r(c).
8
Let h(j) = -14 + 9 + 6*j - 5*j**2 - j**3 + 6 + 0*j**2. What is h(-6)?
1
Let b(z) = 2*z**2 - z**2 - 24*z**3 - 2*z - 1 + 25*z**3. Determine b(2).
7
Let l(d) = -d. Let i be l(-2). Let p(n) be the first derivative of -n - n**2 + 1/3*n**3 - 1. Determine p(i).
-1
Suppose 4 = -r - 3*r. Let k(d) = 2*d**3 - 1. Calculate k(r).
-3
Suppose -3*j = 1 - 4. Let r(t) = t**2 - 7*t + 10. Let d(w) = -1. Let x(b) = j*r(b) + 4*d(b). Calculate x(5).
-4
Let n(s) = -s - 52 + 92 - 50. Let m = -1 - -1. Calculate n(m).
-10
Suppose 5*f - 2*f = 6. Let g be -5 + f - (2 - 0). Let o(k) = -k + 1. What is o(g)?
6
Let u(f) be the first derivative of -f**4/4 - 8*f**3/3 - 9*f**2/2 - 8*f + 2. Let z be u(-7). Let r(b) = -3 + z*b + 2 + 1 - 1. Give r(1).
5
Let h(t) = t**2 + 1. Let u(c) = -c**2 - 5*c - 2. Let y be u(-4). Suppose y*n + 0*n = -4. Let w be h(n). Let x(r) = r**2 - 4*r. What is x(w)?
5
Let k(r) be the first derivative of -2*r**3/3 - r**2 - 2. Let s be 5 + -4 + 1 + -14. Let f = s - -10. Determine k(f).
-4
Let l(i) = 0*i**2 - 5*i - 3 + 5*i - i**2. Give l(-3).
-12
Let x = 5 - 2. Let f(j) be the first derivative of -4*j**3 + 0 + 3*j**x - 3. Calculate f(-1).
-3
Suppose -4*n = -2*f - 12, 0 = 2*f - 2*n + 5 + 5. Suppose 0 = -6*v + 2*v. Let h(q) = -3 - q**2 - q**3 - 3*q**2 - 2*q + v. Calculate h(f).
5
Let o = 5 - 9. Let c(u) = u**3 + 3*u**2 - 5*u - 6. Let z be c(o). Let i = z + 0. Let b(t) = -t**3 - 2*t**2 + 2*t + 3. What is b(i)?
-1
Let a(w) = -w + 1. Let q be -14*((-35)/10 + 3). Calculate a(q).
-6
Let u(d) be the second derivative of d**5/10 + d**3/6 - 7*d. Let j = 5 - 4. Calculate u(j).
3
Let j be (0*1/(-3))/(-1). Let t(a) = -4*a - 1. Let y(h) = -2*h + 7. Let m be y(6). Let i(q) = -5*q - 1. Let n(k) = m*i(k) + 6*t(k). What is n(j)?
-1
Let l = 10 + -6. Suppose 2*g - 3*f = -0 + 1, -4*f = -20. Let v = l - g. Let h(u) = u**2 + 2*u - 4. Give h(v).
4
Suppose -3*f = t - 15, -2*t + 0*t - 14 = -5*f. Let q(v) = 3 - v**t + 3 - v**2 + 6*v**2 + 0. Determine q(5).
6
Let y = 4 - 2. Suppose 3*g - 4*c - 3 = 0, 25 = -2*g + 4*g + 5*c. Let p(r) = -r - 3 - g + y. Calculate p(-3).
-3
Let p(o) = 3*o + 5*o - 7*o - 4. What is p(0)?
-4
Let p = -6 - -2. Let c(s) = s**2 + 2*s. Determine c(p).
8
Suppose 23*q - 21*q = 4. Let m(y) be the first derivative of q*y - 3 - 1/2*y**2. Determine m(4).
-2
Let n(p) = -4*p - p**3 + 3*p + p**2 + 14 - 16. Suppose 2*d + 18 = 5*d + 4*b, 0 = 2*d - b - 1. What is n(d)?
-8
Let o be (-1)/((-3)/(-9)) - 8. Let q = -10 - o. Let d(h) = 7*h - 1. Give d(q).
6
Let v be 4/(-6) - (-11)/3. Let d be 4/(-6) + 14/v. Let a(l) = l**2 - 5*l - 1. Let t(p) = -2*p**2 + 9*p + 3. Let j(b) = -5*a(b) - 3*t(b). Calculate j(d).
4
Let g(y) = -5*y + 4. Let b(k) = 2*k - 2. Let s(q) = 8*b(q) + 3*g(q). Calculate s(-6).
-10
Let v(d) = 2*d - 35*d**2 + 34*d**2 - 1 + 4*d. Determine v(5).
4
Let o(w) be the third derivative of -w**7/2520 - w**6/180 - w**5/30 - 3*w**2. Let m(y) be the third derivative of o(y). Determine m(3).
-10
Let a(k) = -1 - 1 + k + 8 - 2. Calculate a(-3).
1
Let v(o) = -o**3 + 4*o**2 + 2*o - 6. Let j be 2/2 - 0/1. Let i be (-7)/21 - 16/(-3). Let u = i - j. What is v(u)?
2
Let p(f) = -f + 2. Let d be p(0). Let m(g) = -2*g**2 + 4*g - 2. Determine m(d).
-2
Let g(h) = -h**3 + 4*h**2 - 3*h. Let z(j) be the first derivative of j**2/2 + j - 1. Let c(f) = -g(f) - 4*z(f). Determine c(4).
-8
Let c(f) be the third derivative of f**4/12 - 5*f**3/6 + f**2. Let o(z) = -z**3 - 10*z**2 + 12*z + 16. Let m be o(-11). Calculate c(m).
5
Suppose -4*q + 17 = 9. Suppose -2*j + 1 + 3 = 0. Let s(t) = 3*t - j*t - q*t + 1. Determine s(-3).
4
Let h(i) = -75*i**2 + 3*i - i + 74*i**2 - 3. What is h(3)?
-6
Let b(d) = -d**2 - 7*d. Let t be b(-7). Let f(g) be the second derivative of g**3/6 - 7*g**2/2 - 23*g. What is f(t)?
-7
Let v be -2*(-1 + 3/6). Let j be (9/6*2)/v. Let r(w) = 5*w**3 + 3*w**2 + w. Let k(f) = -6*f**3 - 2*f**2 - f. Let a(o) = j*k(o) + 2*r(o). Calculate a(1).
-9
Let x(s) = -s**3 + 7*s**2 + s + 6. Let u be (-90)/12*8/10. Let w(d) = -2*d**3 + 15*d**2 + 2*d + 13. Let b(n) = u*w(n) + 13*x(n). What is b(2)?
-2
Let k(f) = 3*f + 1. Let w = -53 - -55. Give k(w).
7
Suppose 5*x = 4*x. Let n(c) = 9 + x - 3 - 3*c. Let f(t) = t**3 + 3*t**2 - t + 2. Let o be f(-3). Determine n(o).
-9
Let k(s) = 2*s + 0*s - s + 4. Let h be k(-4). Suppose h = 3*j - 3 - 6. Let m(l) = -l**2 + 5*l - 2. Calculate m(j).
4
Let c(m) be the first derivative of -m**2/2 + 9*m - 7. Give c(7).
2
Let b(o) be the second derivative of o**3/6 + o**2 + 2*o. Suppose s - 4 = -1. What is b(s)?
5
Suppose -3*w = 3*w - 18. Let p(z) = z**3 - 2*z**2 - 3. Determine p(w).
6
Let t(x) = -3*x + 3. Let s be (-3)/(4/16*-6). What is t(s)?
-3
Let m be (-2)/((-8)/(-12)*3). Let a(i) = -5*i + 1. Determine a(m).
6
Let m(j) = j**2 - 3*j - 5. Let h = 49 + -45. What is m(h)?
-1
Let y(o) = o. Suppose -4*b = 22 - 2, 4*n - 3 = -b. Let s(z) = -2*z**2 - 8*z + 3*z**n + 13 - 2*z**2 - 17. Let k(d) = s(d) + 3*y(d). Determine k(-4).
0
Suppose -3*a - 4 = -4*z + a, -3*a - 1 = -2*z. Suppose z = -d, -g = 4*d - 9*d - 8. Let o(s) be the first derivative of -2*s**2 + s - 2. What is o(g)?
9
Let y(l) = l + 2. Let f(i) = -i**3 + 11*i**2 - i + 5. Let k be f(11). Give y(k).
-4
Let m(p) be the first derivative of p**3 + 0*p + 0*p**4 - 1/72*p**6 - 1/120*p**5 + 0*p**2 + 1. Let k(x) be the third derivative of m(x). Calculate k(1).
-6
Let h(a) = -a**2 + 8*a - 13. Let u be h(6). Suppose 6*t - 10 = t. Let f(n) = -5*n - t*n + n. What is f(u)?
6
Let t be 1/(2/(3 + 1)). Let s(u) be the second derivative of u**4/12 - u. Calculate s(t).
4
Let z = 1 + 2. Suppose b = -7 + z. Let k(g) be the second derivative of g**4/12 + g**3 + 3*g**2 - g. What is k(b)?
-2
Let f(u) = u**2 + u - 5. Suppose 4*n - 27 = 29. Let c be n/35 - 4/10. What is f(c)?
-5
Let b(v) = 3*v**3 + 6*v**2 - 4*v + 2. Let k(l) = -5*l**3 - 12*l**2 + 8*l - 3. Let a(q) = -7*b(q) - 4*k(q). Calculate a(5).
3
Let n(t) = -2*t - 77 + 77 + 4*t. What is n(3)?
6
Let f(a) be the second derivative of -9*a - 1/2*a**2 - 1/12*a**4 - 4/3*a**3 + 0. Calculate f(-7).
6
Let k(m) = -m**2 + 2. Let p(j) = -j - 13. Let o be p(-15). Determine k(o).
-2
Suppose 5*p + 5*n + 13 = -2, n = 0. Let x(d) = -d**2 - 3*d + 4. What is x(p)?
4
Let v be 40/30*36/16. Let m(j) be the first derivative of -5/2*j**2 - 1/4*j**4 - 5/3*j**v - 2 - 6*j. Calculate m(-4).
-2
Let y(i) = 4*i**3 + 2*i**2 + 4*i + 2. Let q(j) = -3*j**3 - 2*j**2 - 4*j - 1. Let t(x) = -5*q(x) - 4*y(x). Suppose -4*v + 4 + 4 = 0. Calculate t(v).
5
Suppose 39*z - 41*z - 8 = 0. Let f(v) = v**2 + 8*v - 11. Let o(c) = -c + 1. Let j(u) = f(u) + 6*o(u). Determine j(z).
3
Suppose -4*u - 6 = -2*u. Let y(g) be the third derivative of -g**5/60 - g**4/8 + g**3/3 + 23*g**2. Give y(u).
2
Let q(g) = g**2 + 3*g + 3. Let s = 13 + -15. Let c(m) = m. Let d be c(s). What is q(d)?
1
Let o(f) be the third derivative of -f**4/12 - f**3/3 + 8*f**2. Let k(m) = m**2 - 8*m + 8. Let n be k(6). Determine o(n).
6
Let t(r) be the third derivative of -r**9/60480 + r**8/5040 - r**7/5040 + r**6/180 - 7*r**5/60 + 6*r**2. Let g(i) be the third derivative of t(i). What is g(3)?
10
Let n(g) = 3 - 2 + 5 + g**2 + 4*g - 3. Suppose 0 = m - 24 + 8. Suppose 0 = 5*t - t + m. Determine n(t).
3
Suppose o + o = 0. Let a(r) be the first derivative of r**3/3 - 5*r + 27. Give a(o).
-5
Let q(k) = k - 12. Let a = 5 - -2. Calculate q(a).
-5
Suppose -3*q - 12 = -3*m, -3 + 7 = -q. Let l(r) = -3*r**2 + 25 - 29 - r**3 + 2*r**3 - r + 4*r**2. What is l(m)?
-4
Suppose -3*o - o = -4*c - 4, -c + 5 = -3*o. Let j(q) = -11*q - 11. Let m(n) = -4*n - 4. Let h(a) = 3*j(a) - 8*m(a). Determine h(o).
2
Let j(d) = 3*d**3 + d**2 - d. Suppose 3*l - 2 + 29 = 0. Let r = l